{"id":35,"date":"2022-01-07T11:20:10","date_gmt":"2022-01-07T14:20:10","guid":{"rendered":"https:\/\/ilhadometal.com.br\/manowar\/?page_id=35"},"modified":"2022-01-30T13:23:27","modified_gmt":"2022-01-30T16:23:27","slug":"contato","status":"publish","type":"page","link":"https:\/\/ilhadometal.com.br\/manowar\/contato\/","title":{"rendered":"Contato"},"content":{"rendered":"<p>O Portal de not\u00edcias A Ilha do Metal foi criado em 2007 com a finalidade de divulgar nossa comunidade no Orkut de mesmo nome por meio de nossas id\u00e9ias a respeito de nossa vida no Heavy Metal. A principio, o nosso pequeno blog n\u00e3o deu certo por falta de experi\u00eancia dos envolvidos.<\/p>\n<p>Em agosto de 2009, decidimos retomar nossa empreitada s\u00f3 que com fatores a adicionais, trazer not\u00edcias, entretenimento e tudo aquilo que engloba o mundo do Heavy Metal e dessa vez tivemos sucesso, agora passamos de um simples blog para um grande portal de not\u00edcias.<\/p>\n<p>Voc\u00ea pode at\u00e9 pensar que j\u00e1 existem sites em formatos parecidos, mas aqui \u00e9 diferente. Nossa equipe est\u00e1 sempre atenta ao que acontece ao redor do mundo para trazer tudo em primeira m\u00e3o para voc\u00ea e, al\u00e9m disso, temos diversas colunas onde nossos colaborares trazem diversas dicas de entretenimento, cr\u00edticas e divers\u00e3o. Tudo isso \u00e9 feito por pessoas iguais a voc\u00ea, f\u00e3s de Heavy Metal que est\u00e3o sempre prontos para dividir experi\u00eancias de vida de um jeito menos formal como se fossemos amigos de longa data. Estamos espalhados pelo Brasil todo e nossa maior satisfa\u00e7\u00e3o \u00e9 ajudar o Metal Nacional.<\/p>\n<p>Em Fevereiro de 2021 mudamos nosso dom\u00ednio para ilhadometal.com.br e assim ainda mais liberdade e transpar\u00eancia agilizando ainda mais as informa\u00e7\u00f5es e como caracter\u00edsticas sem nunca se esconder de dar opini\u00e3o&#8230; Afinal aqui \u00e9 diferente e n\u00e3o puxamos saco, nem seguimos moda.<\/p>\n<p>Aviso!<br \/>\nComo temos v\u00e1rios colaboradores, \u00e0s vezes pode aparecer uma mat\u00e9ria aqui inspirada em outros sites. Pe\u00e7o encarecidamente que se voc\u00ea encontrar uma mat\u00e9ria que lhe pertence, entre em contato conosco.<\/p>\n<p>Basta enviar um e-mail, que est\u00e1 abaixo e asim podemos colocar as devidas referenciais na postagem, contando \u00e9 claro com o seu conhecimento desta vez.<\/p>\n<p>De todo resto agradecemos a todos os leitores que entram em nosso portal, que respondem nossas postagens, e nos sigam em nossas Redes Sociais.<a class=\"external-link\" href=\"http:\/\/twitter.com\/ailhadometal\" target=\"_blank\" rel=\"noopener\">itter<\/a>\u00a0ou tem o site salvo nos favoritos.<\/p>\n<p>Aqui, na terra do Heavy Metal, voc\u00ea \u00e9 sempre bem vindo.<\/p>\n<p>Nosso e-mail: contato@ilhadometal.com.br<\/p>\n<p>Equipe A Ilha do Metal.<\/p>\n","protected":false},"excerpt":{"rendered":"<p>O Portal de not\u00edcias A Ilha do Metal foi criado em 2007 com a finalidade de divulgar nossa comunidade no Orkut de mesmo nome por meio de nossas id\u00e9ias a respeito de nossa vida no Heavy Metal. A principio, o nosso pequeno blog n\u00e3o deu certo por falta de experi\u00eancia dos envolvidos. Em agosto de [&hellip;]<\/p>\n","protected":false},"author":1,"featured_media":0,"parent":0,"menu_order":0,"comment_status":"closed","ping_status":"closed","template":"","meta":{"footnotes":""},"class_list":["post-35","page","type-page","status-publish","hentry"],"_links":{"self":[{"href":"https:\/\/ilhadometal.com.br\/manowar\/wp-json\/wp\/v2\/pages\/35","targetHints":{"allow":["GET"]}}],"collection":[{"href":"https:\/\/ilhadometal.com.br\/manowar\/wp-json\/wp\/v2\/pages"}],"about":[{"href":"https:\/\/ilhadometal.com.br\/manowar\/wp-json\/wp\/v2\/types\/page"}],"author":[{"embeddable":true,"href":"https:\/\/ilhadometal.com.br\/manowar\/wp-json\/wp\/v2\/users\/1"}],"replies":[{"embeddable":true,"href":"https:\/\/ilhadometal.com.br\/manowar\/wp-json\/wp\/v2\/comments?post=35"}],"version-history":[{"count":4,"href":"https:\/\/ilhadometal.com.br\/manowar\/wp-json\/wp\/v2\/pages\/35\/revisions"}],"predecessor-version":[{"id":46807,"href":"https:\/\/ilhadometal.com.br\/manowar\/wp-json\/wp\/v2\/pages\/35\/revisions\/46807"}],"wp:attachment":[{"href":"https:\/\/ilhadometal.com.br\/manowar\/wp-json\/wp\/v2\/media?parent=35"}],"curies":[{"name":"wp","href":"https:\/\/api.w.org\/{rel}","templated":true}]}}